{"id":101,"date":"2018-12-15T15:37:54","date_gmt":"2018-12-15T14:37:54","guid":{"rendered":"http:\/\/haussecote.fr\/?page_id=101"},"modified":"2026-03-10T14:32:37","modified_gmt":"2026-03-10T13:32:37","slug":"bulletin-dadhesion","status":"publish","type":"page","link":"https:\/\/haussecote.fr\/index.php\/bulletin-dadhesion\/","title":{"rendered":"Bulletin d&rsquo;adh\u00e9sion"},"content":{"rendered":"<p>Aujourd\u2019hui,<strong> Le chemin du moulin <\/strong>est une association qui fonctionne tr\u00e8s bien avec des adh\u00e9rents , des spectateurs fid\u00e8les,\u00a0 des b\u00e9n\u00e9voles, et des contacts r\u00e9guliers d\u2019artistes et d\u2019organisateurs de spectacles\u2026<\/p>\n<p>Gr\u00e2ce \u00e0 elle, le moulin de Hausse-c\u00f4te est un lieu tr\u00e8s vivant, avec nombre de manifestations int\u00e9ressantes et de rencontres enrichissantes\u2026<\/p>\n<p>L\u2019association souhaite mettre ce lieu \u00e0 la disposition de toutes personnes d\u00e9sireuses d\u2019y poursuivre des activit\u00e9s artistiques et culturelles. Si vous avez des <strong>id\u00e9es<\/strong>, des <strong>projets<\/strong>, contactez nous\u00a0!<\/p>\n<p><strong>Devenir Membre<\/strong><\/p>\n<p>Si vous souhaitez nous aider, vous le pouvez en\u00a0devenant <strong>membre<\/strong> du <strong>Chemin du Moulin<\/strong>. En adh\u00e9rant, vous b\u00e9n\u00e9ficiez de tarifs <strong>pr\u00e9f\u00e9rentiels<\/strong> sur les concerts, les expos et les spectacles organis\u00e9s par l\u2019association.<\/p>\n<p>Pour adh\u00e9rer, t\u00e9l\u00e9chargez <a href=\"http:\/\/haussecote.fr\/wp-content\/uploads\/2026\/03\/Bulletindadhesion2026.png\">le bulletin d\u2019adh\u00e9sion<\/a>, remplissez-le et adressez-le accompagn\u00e9 de votre ch\u00e8que \u00e0 Association le chemin du moulin &#8211; Mairie &#8211; 1, rue de la Mairie &#8211; 89520 Saints en Puisaye.<\/p>\n<p>&nbsp;<\/p>\n<p>&nbsp;<\/p>\n","protected":false},"excerpt":{"rendered":"<p>Aujourd\u2019hui, Le chemin du moulin est une association qui fonctionne tr\u00e8s bien avec des adh\u00e9rents , des spectateurs fid\u00e8les,\u00a0 des b\u00e9n\u00e9voles, et des contacts r\u00e9guliers d\u2019artistes et d\u2019organisateurs de spectacles\u2026 Gr\u00e2ce \u00e0 elle, le moulin de Hausse-c\u00f4te est un lieu tr\u00e8s vivant, avec nombre de manifestations int\u00e9ressantes et de rencontres enrichissantes\u2026 L\u2019association souhaite mettre ce &hellip; <a href=\"https:\/\/haussecote.fr\/index.php\/bulletin-dadhesion\/\" class=\"more-link\">Continuer la lecture<span class=\"screen-reader-text\"> de &laquo;&nbsp;Bulletin d&rsquo;adh\u00e9sion&nbsp;&raquo;<\/span><\/a><\/p>\n","protected":false},"author":1,"featured_media":0,"parent":0,"menu_order":0,"comment_status":"closed","ping_status":"closed","template":"","meta":[],"_links":{"self":[{"href":"https:\/\/haussecote.fr\/index.php\/wp-json\/wp\/v2\/pages\/101"}],"collection":[{"href":"https:\/\/haussecote.fr\/index.php\/wp-json\/wp\/v2\/pages"}],"about":[{"href":"https:\/\/haussecote.fr\/index.php\/wp-json\/wp\/v2\/types\/page"}],"author":[{"embeddable":true,"href":"https:\/\/haussecote.fr\/index.php\/wp-json\/wp\/v2\/users\/1"}],"replies":[{"embeddable":true,"href":"https:\/\/haussecote.fr\/index.php\/wp-json\/wp\/v2\/comments?post=101"}],"version-history":[{"count":6,"href":"https:\/\/haussecote.fr\/index.php\/wp-json\/wp\/v2\/pages\/101\/revisions"}],"predecessor-version":[{"id":1169,"href":"https:\/\/haussecote.fr\/index.php\/wp-json\/wp\/v2\/pages\/101\/revisions\/1169"}],"wp:attachment":[{"href":"https:\/\/haussecote.fr\/index.php\/wp-json\/wp\/v2\/media?parent=101"}],"curies":[{"name":"wp","href":"https:\/\/api.w.org\/{rel}","templated":true}]}}