{"id":35,"date":"2018-08-26T19:22:08","date_gmt":"2018-08-26T17:22:08","guid":{"rendered":"http:\/\/haussecote.fr\/?page_id=35"},"modified":"2026-08-09T22:57:42","modified_gmt":"2026-08-09T20:57:42","slug":"accueil","status":"publish","type":"page","link":"https:\/\/haussecote.fr\/","title":{"rendered":"Accueil"},"content":{"rendered":"<div id=\"isPasted\" class=\"je_2kCCw7 jb_dm5 X_7sfl N_7sfl\">\n<div><\/div>\n<div><\/div>\n<p class=\"yiv4697410274default\"><img decoding=\"async\" loading=\"lazy\" class=\"aligncenter size-full wp-image-1186\" src=\"http:\/\/haussecote.fr\/wp-content\/uploads\/2026\/08\/Theatre-12-06-26-scaled.jpg\" alt=\"\" width=\"1810\" height=\"2560\" srcset=\"https:\/\/haussecote.fr\/wp-content\/uploads\/2026\/08\/Theatre-12-06-26-scaled.jpg 1810w, https:\/\/haussecote.fr\/wp-content\/uploads\/2026\/08\/Theatre-12-06-26-212x300.jpg 212w, https:\/\/haussecote.fr\/wp-content\/uploads\/2026\/08\/Theatre-12-06-26-724x1024.jpg 724w, https:\/\/haussecote.fr\/wp-content\/uploads\/2026\/08\/Theatre-12-06-26-768x1086.jpg 768w, https:\/\/haussecote.fr\/wp-content\/uploads\/2026\/08\/Theatre-12-06-26-1086x1536.jpg 1086w, https:\/\/haussecote.fr\/wp-content\/uploads\/2026\/08\/Theatre-12-06-26-1448x2048.jpg 1448w, https:\/\/haussecote.fr\/wp-content\/uploads\/2026\/08\/Theatre-12-06-26-1200x1697.jpg 1200w\" sizes=\"(max-width: 709px) 85vw, (max-width: 909px) 67vw, (max-width: 1362px) 62vw, 840px\" \/><\/p>\n<p><span class=\"fontstyle0\">L\u2019\u00e9mission de radio \u00ab La vie qui chante\u00bb c\u00e9l\u00e8bre les chansons qui nous touchent, nous bousculent et nous rassemblent. Entre interviews, confidences et moments musicaux, chaque invit\u00e9e se d\u00e9voile le temps d\u2019un refrain.<\/span><\/p>\n<p><span class=\"fontstyle0\">Sur le plateau, quatre artistes aux univers diff\u00e9rents se succ\u00e8dent : Clodette vient nous parler de son roman \u00ab ma vie en chansons \u00bb. Lorele\u00ef, \u00e9toile montante de la sc\u00e8ne, pr\u00e9sente son dernier opus \u00ab tu seras une femme \u00bb. Lara Wilson, coach de vie et sp\u00e9cialiste des comptines, organise des s\u00e9minaires pour lib\u00e9rer son enfant int\u00e9rieur. Gloria, chanteuse lyrique, rend hommage aux chansons populaires.<\/span><\/p>\n<p><span class=\"fontstyle0\">Une chanson\u2026 et tout revient : un souvenir, une \u00e9motion, une histoire. Laissez-vous porter\u2026et venez \u00e9crire, avec nous, un fragment de cette vie qui chante. Vous repartirez avec le sourire (et peut-\u00eatre m\u00eame un air dans la t\u00eate).<\/span><\/p>\n<p><span class=\"fontstyle2\">Com\u00e9die chantante cr\u00e9\u00e9e et interpr\u00e9t\u00e9e par Agn\u00e8s De Marco (Compagnie 2\u00e8me acte) Tout public \u00e0 partir de 8 ans<\/span><\/p>\n<\/div>\n","protected":false},"excerpt":{"rendered":"<p>L\u2019\u00e9mission de radio \u00ab La vie qui chante\u00bb c\u00e9l\u00e8bre les chansons qui nous touchent, nous bousculent et nous rassemblent. Entre interviews, confidences et moments musicaux, chaque invit\u00e9e se d\u00e9voile le temps d\u2019un refrain. Sur le plateau, quatre artistes aux univers diff\u00e9rents se succ\u00e8dent : Clodette vient nous parler de son roman \u00ab ma vie en &hellip; <a href=\"https:\/\/haussecote.fr\/\" class=\"more-link\">Continuer la lecture<span class=\"screen-reader-text\"> de &laquo;&nbsp;Accueil&nbsp;&raquo;<\/span><\/a><\/p>\n","protected":false},"author":1,"featured_media":0,"parent":0,"menu_order":0,"comment_status":"closed","ping_status":"closed","template":"","meta":[],"_links":{"self":[{"href":"https:\/\/haussecote.fr\/index.php\/wp-json\/wp\/v2\/pages\/35"}],"collection":[{"href":"https:\/\/haussecote.fr\/index.php\/wp-json\/wp\/v2\/pages"}],"about":[{"href":"https:\/\/haussecote.fr\/index.php\/wp-json\/wp\/v2\/types\/page"}],"author":[{"embeddable":true,"href":"https:\/\/haussecote.fr\/index.php\/wp-json\/wp\/v2\/users\/1"}],"replies":[{"embeddable":true,"href":"https:\/\/haussecote.fr\/index.php\/wp-json\/wp\/v2\/comments?post=35"}],"version-history":[{"count":168,"href":"https:\/\/haussecote.fr\/index.php\/wp-json\/wp\/v2\/pages\/35\/revisions"}],"predecessor-version":[{"id":1188,"href":"https:\/\/haussecote.fr\/index.php\/wp-json\/wp\/v2\/pages\/35\/revisions\/1188"}],"wp:attachment":[{"href":"https:\/\/haussecote.fr\/index.php\/wp-json\/wp\/v2\/media?parent=35"}],"curies":[{"name":"wp","href":"https:\/\/api.w.org\/{rel}","templated":true}]}}

<div id="isPasted" class="je_2kCCw7 jb_dm5 X_7sfl N_7sfl">
<div></div>
<div></div>
<p class="yiv4697410274default"><img decoding="async" loading="lazy" class="aligncenter size-full wp-image-1186" src="http://haussecote.fr/wp-content/uploads/2026/08/Theatre-12-06-26-scaled.jpg" alt="" width="1810" height="2560" srcset="https://haussecote.fr/wp-content/uploads/2026/08/Theatre-12-06-26-scaled.jpg 1810w, https://haussecote.fr/wp-content/uploads/2026/08/Theatre-12-06-26-212x300.jpg 212w, https://haussecote.fr/wp-content/uploads/2026/08/Theatre-12-06-26-724x1024.jpg 724w, https://haussecote.fr/wp-content/uploads/2026/08/Theatre-12-06-26-768x1086.jpg 768w, https://haussecote.fr/wp-content/uploads/2026/08/Theatre-12-06-26-1086x1536.jpg 1086w, https://haussecote.fr/wp-content/uploads/2026/08/Theatre-12-06-26-1448x2048.jpg 1448w, https://haussecote.fr/wp-content/uploads/2026/08/Theatre-12-06-26-1200x1697.jpg 1200w" sizes="(max-width: 709px) 85vw, (max-width: 909px) 67vw, (max-width: 1362px) 62vw, 840px" /></p>
<p><span class="fontstyle0">L’émission de radio « La vie qui chante» célèbre les chansons qui nous touchent, nous bousculent et nous rassemblent. Entre interviews, confidences et moments musicaux, chaque invitée se dévoile le temps d’un refrain.</span></p>
<p><span class="fontstyle0">Sur le plateau, quatre artistes aux univers différents se succèdent : Clodette vient nous parler de son roman « ma vie en chansons ». Loreleï, étoile montante de la scène, présente son dernier opus « tu seras une femme ». Lara Wilson, coach de vie et spécialiste des comptines, organise des séminaires pour libérer son enfant intérieur. Gloria, chanteuse lyrique, rend hommage aux chansons populaires.</span></p>
<p><span class="fontstyle0">Une chanson… et tout revient : un souvenir, une émotion, une histoire. Laissez-vous porter…et venez écrire, avec nous, un fragment de cette vie qui chante. Vous repartirez avec le sourire (et peut-être même un air dans la tête).</span></p>
<p><span class="fontstyle2">Comédie chantante créée et interprétée par Agnès De Marco (Compagnie 2ème acte) Tout public à partir de 8 ans</span></p>
</div>

<p>L’émission de radio « La vie qui chante» célèbre les chansons qui nous touchent, nous bousculent et nous rassemblent. Entre interviews, confidences et moments musicaux, chaque invitée se dévoile le temps d’un refrain. Sur le plateau, quatre artistes aux univers différents se succèdent : Clodette vient nous parler de son roman « ma vie en &hellip; <a href="https://haussecote.fr/" class="more-link">Continuer la lecture<span class="screen-reader-text"> de &laquo;&nbsp;Accueil&nbsp;&raquo;</span></a></p>
